 -3*b + 2*b + c. Let p(x) = -b*x + 3 + 3*x - 4 - x. What is p(-1)?
1
Let c be 2/(-8) + 74/8. Suppose q - c = 2. Suppose 3*a = 2*z + q, 0 = z + 2*z + 12. Let n(r) = 2*r. Calculate n(a).
2
Let t(o) = 8*o**2 + o - 1. Let g(c) = -2*c**2. Let f(v) = -9*g(v) - 2*t(v). What is f(2)?
6
Let n(l) = -2*l - 4. Let v be n(-3). Suppose -2*d + c + 7 = 0, v*d - 5*d - 2*c = -7. Let y(m) = m + 4. Calculate y(d).
7
Suppose 5*n - 7*n = -4. Suppose -n*x + 0 = 12. Let h(z) = -z**2 - 7*z - 6. What is h(x)?
0
Let w(l) be the first derivative of -2*l**2 + 6*l - 1. Suppose 0 = 4*g - 12 - 4. Calculate w(g).
-10
Let c(a) = a**3 + 8*a**2 + 8*a + 8. Suppose 3*g - 6*g - 21 = 0. Give c(g).
1
Suppose -c = 2, -48 = 5*x - x + 4*c. Let i be ((-1)/(-2))/(1/x). Let h(j) = 6*j - 2 - 2 + 5 + j**2. Determine h(i).
-4
Let b(h) = 2*h**3 + 7*h**2 - 5*h. Let o(k) = -k**3 - 3*k**2 + 2*k. Let i(n) = -2*b(n) - 5*o(n). Determine i(-1).
0
Let w(f) = f + 11. Let u(z) = -z - 12. Let o(r) = 6*u(r) + 7*w(r). Calculate o(-6).
-1
Let h = 11 + -10. Suppose 2*x - h = -3. Let o(s) = 4*s + 1. Give o(x).
-3
Let o(r) = 3*r + 0*r + 27 - 9 - 13. What is o(-4)?
-7
Let g be (-6)/(-15)*5/1. Let r be 0 + -1 + -2 + g. Let x(v) = 2*v**3 - v**2. Determine x(r).
-3
Let l(c) = -c**3 - 4*c**2 + 5*c - 2. Suppose -18*b = -16*b + 10. Let f be l(b). Let z(u) = u**3 - 2*u - 2. What is z(f)?
-6
Let b(t) be the third derivative of -5/6*t**3 - 1/24*t**4 + 0 + 2*t**2 + 0*t. Let m = -5 - 0. Calculate b(m).
0
Let o(t) be the second derivative of -t**5/20 + 7*t**4/12 - 7*t**3/6 - 7*t**2/2 + 30*t. What is o(6)?
-13
Let q(z) be the third derivative of -z**4/24 + z**3/6 + 6*z**2. Give q(-6).
7
Let b(i) = i**2 + i - 14. Let s be b(-5). Let k(u) = u**2 - 6*u + 3. Give k(s).
3
Let z(u) = -u**3 - 5*u**2 + 6*u + 1. Let r(j) = -j**2 + j. Let p be r(3). Calculate z(p).
1
Let s(l) = -l**2 + 7*l. Let m be s(6). Suppose 2*u - 3*u = -m. Let b = -12 + u. Let h(a) = a + 12. Give h(b).
6
Let h(u) = u**3 - 4*u**2 + 2*u - 1. Let z(j) = 0*j**2 + 3*j - 4*j + j**2 + 1. Let o be z(2). Calculate h(o).
-4
Let y be -2 + (-1 - -8) + -3. Let m be (6/4)/(y/(-4)). Let d(l) = l**2 + l. Give d(m).
6
Suppose 5*x - 11 = -q + 12, 5*q - 15 = -5*x. Let i = -9 - q. Let t(o) = -o**3 - 7*o**2 + o + 9. Give t(i).
2
Let m(d) = -3*d**3 - 7*d**2 - 3*d + 4. Let l(u) = u**3 - u + 1. Let y(a) = 2*l(a) + m(a). Suppose 2 - 32 = 5*q. Determine y(q).
0
Let x(t) = -5*t**3 + t**2 + 2*t + 1. Suppose -3*v + 13 = 1. Let c(z) = 4*z**3 - 2*z**2 - 3*z. Let q(l) = v*c(l) + 3*x(l). Calculate q(6).
3
Let z(v) be the second derivative of -v**4/24 + 5*v**3/6 + 3*v**2/2 + 2*v. Let o(b) be the first derivative of z(b). Determine o(0).
5
Let a(z) be the third derivative of -z**5/60 - z**4/8 + z**3/6 - 43*z**2. Determine a(-6).
-17
Let h(j) = -3*j + 3. Let b(o) be the second derivative of -o**5/20 + o**4/3 + o**2 + 4*o. Let a be b(4). Calculate h(a).
-3
Let b(f) = 2*f + 39. Let s be b(-18). Let u(w) = w**3 - 2*w**2 - w - 1. Calculate u(s).
5
Let o(r) be the second derivative of r**5/120 - r**4/12 + 2*r**3/3 - 3*r. Let f(b) be the second derivative of o(b). Calculate f(-3).
-5
Let d(s) = s - 2. Let a(v) = 2*v - 6 - 5*v**3 + 5*v**2 + 4 + 4*v**3. Let h be a(5). Let n be 2/h - (-28)/16. What is d(n)?
0
Let z be 0 - 0*(-2)/4. Suppose 5*w + 12 = -2*y, z = 2*y - 6*w + 3*w - 20. Let p(d) = d + 6. Let c(r) = r**2 + r + 2. Let g(v) = -c(v) + p(v). Calculate g(y).
-12
Suppose 4 + 6 = -2*u. Let o(n) = n**2 + 5*n + 6. Give o(u).
6
Let v(t) = -32 + 12 - t**2 + 12 + 0*t + 5*t. What is v(6)?
-14
Let v(p) = p**2 + 7*p + 11. Let y be v(-6). Let t(s) = s**2 - 7*s + 5. What is t(y)?
-5
Let i(s) be the third derivative of 0 + 1/24*s**4 + 5*s**2 + 1/3*s**3 + 1/20*s**5 + 0*s. Give i(2).
16
Let r(n) = -n**2 - 3*n + 6. Let g(u) = -u**3 + 3*u**2 - 2*u. Let m be g(3). Determine r(m).
-12
Let v(t) = -7*t - 6. Let h be v(-5). Let y = -26 + h. Let c(i) = -2*i**2 + 3*i + 2. What is c(y)?
-7
Let d(n) = n**3 + 6*n**2 - 2*n - 6. Let g be d(-6). Let p(o) be the first derivative of o**4/4 - 2*o**3 + o**2/2 - 6*o + 47. Determine p(g).
0
Let r(h) = -h**3 + 0*h**3 + 5 + h - 2. Let f(i) = -i**3 + i**2 + i. Let g be f(0). Give r(g).
3
Let o(u) = -20*u + 26*u - 77 + 81. Calculate o(4).
28
Let q(d) = -d + 7. Let y be q(4). Suppose 0 = -y*c - 0*c - 6. Let j(s) = s + 2. Give j(c).
0
Let g = -94 + 88. Let r(s) = -s**3 - 7*s**2 - 7*s - 1. Calculate r(g).
5
Let v(q) = -q - 1. Let d(u) = -u**3 + 9*u**2 - 7*u - 6. Let k(w) = -w**3 - 6*w**2 + 5*w - 6. Let i be k(-7). Let n be d(i). Determine v(n).
-3
Suppose -2*t = 5*z + 1 + 3, -3*z = 0. Let n(s) = -s - 1. Let j(c) = -7*c - 6. Let u(r) = -j(r) + 3*n(r). Calculate u(t).
-5
Let o(c) = c**2 - 6*c - 11. Let u be o(8). Let g(p) = -3*p**3 + 7*p**2 - p + 3. Let z(l) = 4*l**3 - 8*l**2 + l - 3. Let y(a) = -3*g(a) - 2*z(a). Give y(u).
2
Let u = 42 - 35. Let g(j) = j**3 - 8*j**2 + 8*j - 5. Give g(u).
2
Let u be (-306)/(-42) + 4/(-14). Let k(c) = 4*c + 19 - u - 10. Determine k(-2).
-6
Let d(a) = -a**2 + 2. Suppose -4*w - 10*w + 28 = 0. Give d(w).
-2
Suppose 0 = 8*l - 4*l + 24. Let u(w) = -w**2 - 3*w + 6. Give u(l).
-12
Let x be 4/(-10) - 3/5. Let h(f) be the second derivative of f**4/4 - f**3/6 - f**2/2 - f. Let d be h(x). Let r(v) = -v + 4. What is r(d)?
1
Let k be (1 + (1 - 3))/(2/(-6)). Let b(s) = -s**2 + 6*s + 4. What is b(k)?
13
Let w(z) = -z**2 - 7*z. Let r be w(-7). Let u(l) = 0*l**2 + 5 + r*l - l**2 - 4 + l. Let k be u(-1). Let t(h) = 3*h**2 - 2*h - 1. Determine t(k).
4
Let c(d) be the second derivative of 2*d**3/3 - d**2/2 + 5*d. What is c(1)?
3
Let o(g) be the first derivative of -g**5/4 + g**4/24 + 5*g**2/2 + 10. Let j(w) be the second derivative of o(w). Determine j(-1).
-16
Let h(a) = a + 10. Let p be h(-5). Let z(k) = p*k - k**3 - 4*k**3 + 6*k**2 + 6*k**3 + 0*k**3. Give z(-5).
0
Let z be ((-45)/(-20))/(6/16). Let n(j) = -j**2 + 6*j + 6. Let m be n(z). Let i(q) = 11*q - m*q + 7*q. What is i(-1)?
-12
Let f(q) = -6*q**2 + 2*q - 1. Suppose 2*i + 4 = 3*i + z, -3*i = 5*z - 10. Let w(y) = y**3 - 4*y**2 - 6*y + 6. Let r be w(i). Give f(r).
-5
Let y(t) be the third derivative of -t**4/8 + 2*t**3/3 + t**2. Let m be y(3). Let f(a) = -6 - 3*a + 2*a**2 - 5*a + 2*a - 3*a**2. Determine f(m).
-1
Let i(f) be the second derivative of f**5/20 - f**4/3 - 7*f**3/6 + f**2 - 2*f. Suppose 19 + 11 = 6*u. Give i(u).
-8
Let g = -17 + 16. Let x(s) = s**2 + s + 1. Let w(y) = 5*y**2 + 8*y + 4. Let q(u) = g*w(u) + 4*x(u). What is q(-5)?
-5
Let w = 1 + 6. Let k(a) = -a - 9. Let j(u) = -u - 8. Let s(d) = w*j(d) - 6*k(d). Let t be (0*1/2)/(-2). Give s(t).
-2
Let s(t) = -t**3 + 9*t**2 - 3*t - 2. Let f(k) = 3*k**3 - 27*k**2 + 10*k + 7. Let z(g) = -4*f(g) - 11*s(g). Give z(8).
2
Let g(n) = 4*n**2 - 4 - 3*n + 0*n**2 - 5*n**2 + 5*n. Suppose -2*d = -11 + 5. Determine g(d).
-7
Let f = -206 - -211. Let c(u) = u**2 - 6*u - 1. Determine c(f).
-6
Let f(q) = 7*q**2 - q + 1. Let c be (-2)/1 + (-15)/(-3). Suppose 5*m - 2*r = c*m, 0 = 2*m + 5*r - 7. Calculate f(m).
7
Let n(x) = 3*x**2 - 2*x - 2*x**2 + 6*x. Calculate n(-4).
0
Let v(j) = j + 8. Suppose -2*d = -8*d - 0*d. Calculate v(d).
8
Let w(g) = -g - 2. Let f be (0 - 1)/(8/(-24)). Let j(o) = 2*o**2 + 2*o - 4. Let i be j(-3). Let u = i - f. Calculate w(u).
-7
Let j(t) = 26 - 14 - 11 + 2*t. Give j(2).
5
Let h(o) = -o**3 + o**2 + 2*o. Let k be h(2). Let v(l) = k*l + 2*l - 2*l + l. Calculate v(-1).
-1
Let i = -20 + 20. Suppose t - 2*t = i. Let u(g) = g**2 + g - 6. Calculate u(t).
-6
Let v be ((-1)/(-3))/(2/6). Suppose 56 = 5*x + 4*a, 6*a + 50 = 4*x + 4*a. Let u(q) = x*q**2 + 0 - 5*q**2 - 1. What is u(v)?
6
Let k(w) be the third derivative of 1/24*w**4 - w**2 - 1/6*w**3 + 0*w + 0. Let o be (-6 + (0 - -2))/(-2). Give k(o).
1
Let f(v) be the third derivative of -v**6/120 + v**5/20 + v**4/8 - v**3/2 - 7*v**2. Let y = 9 + -6. Calculate f(y).
6
Let o(s) = 0 - 2 + s - 1. Let t(x) = x**3 + x**2. Let m(v) = -2*v**3 + 7*v**2 + 8*v - 4. Let u(y) = -m(y) - 3*t(y). Let r be u(-9). Determine o(r).
-8
Let m be ((-2)/(-3))/(1/(-3)). Let w be 1/3 - m/(-6). Let b(a) = -a + w*a - a. Give b(-3).
6
Let s(w) = -w - 10. Let y be 7*(-2 - (1 - 2)). Calculate s(y).
-3
Suppose -1 + 6 = b. Let h = -11 - -15. Let l(t) = 2 - 3*t + h + 2*t. Give l(b).
1
Let c(o) = 6 - 3 - 4*o + 9*o - 2*o. Calculate c(-2).
-3
Suppose -